). Determine g(-4).
10
Let j(m) = -2*m + 14*m - 9*m. Calculate j(-1).
-3
Let d(r) = 4 + r + 3 - 3 - 5. Determine d(-4).
-5
Let x(w) = 4*w**2 + 5*w + 1. Let z(n) = 3*n**2 + 3*n + 2. Let j(t) = -4*x(t) + 5*z(t). Suppose u = -2*q - 14, -3*u - 3*q - 34 = q. Determine j(u).
0
Let i = 3 - 5. Let y be 38/5 - i/5. Let d(z) = -z**3 + 5*z**2 + 8*z - y*z. Determine d(5).
0
Let h(j) = j**2 - 1. Let c(f) = f**3 - 2*f**2 + 8*f + 8. Let y(x) = -c(x) - h(x). Let o(g) = -g**3 - 9*g - 7. Let z(v) = 5*o(v) - 6*y(v). Determine z(5).
-3
Suppose -2*u = 2*u + 2*z, 4*u + 3*z - 4 = 0. Let w(k) = 6*k**2 + 3*k + 2. Give w(u).
20
Let p(u) = -3*u. Let j(q) = -2*q + 1 - 8*q + 0*q. Let v(f) = -2*j(f) + 7*p(f). What is v(-5)?
3
Let m(k) = k**3 - 4*k**2 + 2. Let z = 8 + -10. Let r be (-6 + z)*1/(-2). Give m(r).
2
Let v(u) = -6*u**2 + 29*u + 30. Let k(t) = -5*t**2 + 6*t**2 - t - 6 - 5*t. Let q(r) = 2*r - 6. Let h be q(4). Let a(m) = h*v(m) + 11*k(m). What is a(-5)?
9
Let v(p) = p - 4. Let d(j) = -1. Let f(c) = 2*d(c) + v(c). Calculate f(0).
-6
Let d = 1 + -1. Let c(m) = -m**3 + 3*m**2 + 5*m - 2. Let j be c(4). Let b(r) = 6*r**j + r**2 - 6 - 4*r**2 - 2*r**2. What is b(d)?
-6
Let t be 8 - (0/4 - -3). Suppose -3*v + 4*c = -0*v, 5*v - 5 = 5*c. Let k(d) = 0*d + v + 3 - d. Calculate k(t).
2
Suppose -3*p - 11 = y + 3, 3*y = -3*p - 12. Let l(n) = -n - 2. Calculate l(p).
3
Let t(n) be the third derivative of 0*n + 5/6*n**3 - 1/12*n**4 - 1/60*n**5 + 0 - 3*n**2. Let x = 4 - 8. What is t(x)?
-3
Let x(n) = n + 3. Let y(b) = 5 + 4*b + 4*b - b + 14. Let i(g) = -39*x(g) + 6*y(g). Calculate i(2).
3
Let m(x) = -x**2 - x - 2. Let i be 1/(3*(-3)/27). What is m(i)?
-8
Let m = -1 + 2. Let h = -6 + 6. Let q(i) = 4*i**2 - 2*i**2 - i + h*i**2. Give q(m).
1
Let m(n) = -n - 6. Let i be m(-9). Let j = -2 + i. Let b(u) = j - 4 - 2*u + u. What is b(-4)?
1
Let h(c) = 11*c**2 + 3*c + 11. Let y(p) = 5*p**2 + p + 5. Let z(o) = -6*h(o) + 13*y(o). Suppose r - 1 = -2*k + 1, k = -4*r - 6. Calculate z(r).
5
Let y(o) = 2*o**3 - 21*o**2 + 12*o - 13. Let n be y(10). Let z(r) = -r + 8. Calculate z(n).
1
Let c(p) = 3*p + 6. Let r be 2 + -1 + (-186)/6. Let q be r/105 + 40/(-7). Calculate c(q).
-12
Let s(v) = v**3 + 3*v + 5. Let i(b) = -b**2 - 1. Let a(j) = 3*i(j) + s(j). Determine a(3).
11
Let j(i) = -i. Let g be (-1 + 3)*9/2. Suppose -c - g = -r, -2*c + r - 16 = -2. Let n be 1/5 + 31/c. Determine j(n).
6
Let w(d) be the first derivative of d**4/4 + 4*d**3/3 - 3*d**2/2 + 11. Determine w(-5).
-10
Let j(w) = w + 3*w + 0 - w**2 - w - 1. Suppose -4*h + 8 + 4 = 0. Suppose -2*y - h*y + 10 = 0. Calculate j(y).
1
Let o(i) = -2*i**2 - 2. Let g(h) = 5*h**2 + 6. Let f(v) = 3*g(v) + 8*o(v). Let a(s) = 2*s**2 - 4*s - 4. Let x be a(4). Suppose -3*m + 7*m + x = 0. Give f(m).
-7
Suppose -4*r + 12 = -2*r - 2*m, r - 18 = 5*m. Let i(b) = -2*b**3 + 2*b**2 - 2*b + 5*b**3 - b**r - 1. Let a be (-1 - -5)*(3/(-6) - 0). Give i(a).
-5
Let n be (-1)/((-28)/(-12) - 2). Let i(a) = -a**2 - 6*a + 2. What is i(n)?
11
Let g be 90/20 + 1/2. Let m(o) = 2*o - 18. Let n(h) = 3*h - 27. Let p(f) = -8*m(f) + 5*n(f). What is p(g)?
4
Let i(r) = 7*r - 13. Let p(u) = 10*u - 19. Let m(o) = 7*i(o) - 5*p(o). Determine m(5).
-1
Suppose 4*n = 4*r + 28 + 52, 3*r + 30 = -3*n. Let f = r - -16. Let d(v) = 4*v. What is d(f)?
4
Let r(n) = 11*n**2 + 2*n. Let m(f) = 3 + 5*f**2 - 2 - 1 + f. Let s(p) = 13*m(p) - 6*r(p). What is s(3)?
-6
Suppose -3*t + 35 = -10. Let y be ((-6)/10)/((-3)/t). Let m = y + 0. Let j(l) = l - 4. Give j(m).
-1
Let u(q) = q**3 - 4*q**2 + 2*q - 2. Let a be -3*(-4 + (3 - 0)). Determine u(a).
-5
Let z = 1 + -1. Suppose 2*f + 4*j + 10 = z, 5*f + j - 15 + 4 = 0. Let b(q) = 4*q**2 + f - 2*q**2 - 5 + 3 - q. What is b(2)?
7
Let u be 18/12 - (-34)/4. Let h = 12 - u. Let p(s) = -4 - 2*s + 2*s**h - s**2 - 2*s. Calculate p(5).
1
Let x(t) = -t**2 + 4*t - 2. Let f be x(4). Let h(c) = 3*c - 11. Let p = 12 + -17. Let j(d) = -d + 5. Let r(l) = f*h(l) + p*j(l). Give r(4).
-7
Let t(w) = 4*w - 2*w - 92 + 99. What is t(-5)?
-3
Suppose 0 = -3*j + 5*g + 31, 0 = -4*j - g + 3 - 0. Suppose -p - 8 = -5*p. Let f(x) = -2 + p + x**j + 2 - x. What is f(-2)?
8
Let l(r) be the second derivative of r**5/20 - 7*r**4/12 - 5*r**3/3 + 3*r**2 + 5*r. What is l(8)?
-10
Let z(t) = -t**2 - t - 4. Let a(i) = 2*i + 7. Let l be a(-5). Let c = -10 - l. Let v be 1/((-2)/(-1 - c)). Calculate z(v).
-10
Let v(r) = r**2 + 2 - r + 3 + 4 - 5. Calculate v(4).
16
Let f(j) = 2*j**3 - 4*j**2 + j - 3. Let o(t) = t**3 - 1. Let k(i) = f(i) - 3*o(i). Give k(-4).
-4
Let w(m) = 5*m**3 - 1 + m**3 + 0*m**3 + m**2 - 2*m**3 - m. Suppose 2*p = 4*o - 6, 1 = p + 2*p + 4*o. Determine w(p).
-3
Let m(s) = -12*s**3 - s**2 + 1. Let y = 35 - 34. Give m(y).
-12
Let i = 4 - 2. Let o(p) = i*p**2 + 1 - 2 + 0*p**3 + 2*p**3 - 2*p. Suppose -d + 3*k - 7 = -2*d, d + 11 = 3*k. Give o(d).
-5
Let n(t) be the second derivative of t**3/6 - t**2 - 2*t. Let b = 25 + -19. Determine n(b).
4
Let f(g) be the first derivative of -g**4/4 - 7*g**3/3 - g**2/2 - 6*g - 1. Determine f(-7).
1
Let o(b) = 3*b**2 - 10*b - 8. Let d(m) = m**2 - 4*m - 1. Let l(q) = q**2 - 5*q - 1. Let j(v) = -4*d(v) + 3*l(v). Let c(p) = -4*j(p) - o(p). What is c(-5)?
-1
Let w(i) be the third derivative of -i**4/24 + i**3 - 5*i**2 - 7*i. Determine w(4).
2
Let d(u) be the second derivative of u**4/12 - u**3/2 + 3*u**2 - 2*u - 2. What is d(4)?
10
Let b(p) = -5*p**2 + 12*p - 12. Let z(i) = -9*i**2 + 24*i - 24. Let o(q) = -7*b(q) + 4*z(q). What is o(10)?
8
Suppose 2*u + 0*u + 2*s = 8, u = 3*s - 4. Let b(r) = -r - 1. Give b(u).
-3
Let t(a) = -a**3 + a**2 - a + 9. Let l(s) = -2*s - 3. Let v be l(-4). Suppose -3*x + v*x = 0. Determine t(x).
9
Let q(h) be the third derivative of h**4/8 - h**2. Suppose 0 = 3*a + a + 3*d + 19, 3*d = -3*a - 18. What is q(a)?
-3
Let i(v) be the third derivative of 1/24*v**4 + v**3 + 0 - 5*v**2 + 0*v. What is i(-6)?
0
Let q(s) be the first derivative of s**2 - 2 - 3*s + 2 - 2. Calculate q(3).
3
Suppose 0 = 5*g - 0*g - 90. Suppose -4*b + b = -g. Let r(v) = -v**2 + 5*v + 7. Calculate r(b).
1
Let q(r) = 7*r - 1. Suppose c = 5*a + 4, 5*a + 4 = -1. Determine q(c).
-8
Suppose -11 - 45 = f. Let w be (1 + 1)*f/(-16). Let l = -8 + w. Let d(s) = -s**2 - s. What is d(l)?
0
Let f(q) be the second derivative of q**3/2 + 5*q**2/2 - 4*q. Calculate f(4).
17
Let v(k) = 5*k**2 + 9*k - 7. Let u(s) = 11*s**2 + 19*s - 14. Let w(q) = 4*u(q) - 9*v(q). Give w(-6).
1
Let i(j) = -j**2 - 7*j - 1. Let v(d) = 2*d**2 + 8*d + 1. Let p(l) = 3*i(l) + 2*v(l). Let s be p(4). Let u(f) = -f**3 - 6*f**2 - 3*f + 1. Determine u(s).
-9
Let n(v) = -2*v + 1. Let j be 7/(21/(-6)) - -9. Determine n(j).
-13
Suppose 2*g = -g + 9. Let f(c) = -5*c. Let t(h) = 6*h. Let r(u) = g*f(u) + 4*t(u). Let d be 0 - 3 - 1*-2. Determine r(d).
-9
Let o(g) = g + 10. Let s be o(-7). Suppose s*y - 3 = -12. Let t(v) = -v**2 - 4*v. Give t(y).
3
Let c(b) = -3*b**3 - 3*b**2 + 2. Let y(d) = -2*d**3 - 2*d**2 - d + 2. Let u(l) = 3*c(l) - 4*y(l). Determine u(3).
-26
Let s be 2 - (1 - 2 - 0). Suppose -s*f - 2*c = -0*c - 7, -3*f - 5 = -4*c. Let y be (4 + f)/(-1) - -2. Let x(i) = -i - 2. What is x(y)?
1
Let j(l) = 4*l**2 + 2*l - 1. Let z be j(1). Let m(b) = -b**2 - z + 4 + b - 4*b**2. Let i be m(1). Let y(s) = s**3 + 5*s**2 - 3*s - 7. Calculate y(i).
8
Let p = 22 - 9. Suppose 7 + p = -5*r. Let d(z) be the first derivative of z**4/4 + 4*z**3/3 - 2*z + 1. Calculate d(r).
-2
Let m(b) = -1 - 51*b + 49*b - 8. What is m(-7)?
5
Let m be (-70)/12 + (0 - 1/6). Let w(p) = -2*p**2 - 9*p - 1. Determine w(m).
-19
Suppose 0 = -0*d - 5*d. Let l(n) = 5*n - 2. Let t(q) = 9*q - 3*q - 1 - 1. Let c(g) = -7*l(g) + 6*t(g). Determine c(d).
2
Let a(v) be the second derivative of v**5/20 - 5*v**4/12 - 5*v**3/6 + v**2 - v. Give a(6).
8
Let o = 6 + -7. Let i(h) = -27*h**3 - 1 + 44*h**3 - 4*h + 2*h - 2*h**2. Give i(o).
-18
Suppose 0 = 3*n - 3*q - 12, -3*n + 5*n - 6 = 4*q. Suppose 0 = 5*k + 4*t, -n*k + 0*t - 40 = -4*t. Let r(j) = -j**2 - 3*j - 2. Determine r(k).
-6
Let s(u) = -9*u**3 - u. Suppose 0 = 3*r + 6 - 0. Let i be r + 1 + 3 - 1. Give s(i).
-10
Let x(v) = 2 + 26*v - 21*v - 2. Let m be 1 - -1 - (-1 - -2). Calculate x(m).
5
Suppose 5*t - 27 = -7. Suppose 2*l + 8 = t*j - 4, 0 = -3*l - 3*j + 18. Let f(o) = o**2 - o**3 + 2 - 3*o**2 + 3*o + 5*o**l. What is f(